{"id":33,"date":"2012-01-31T19:23:56","date_gmt":"2012-01-31T19:23:56","guid":{"rendered":"http:\/\/localhost:8080\/muranositio\/?page_id=33"},"modified":"2012-02-28T21:26:48","modified_gmt":"2012-02-28T21:26:48","slug":"plaza-murano-3","status":"publish","type":"page","link":"https:\/\/www.plazamurano.com\/?page_id=33","title":{"rendered":"PLAZA MURANO"},"content":{"rendered":"<h2>Preguntas Frecuentes<\/h2>\n<div id=\"accordion\">\n<h3><a href=\"#\">1 .\u00bfCu\u00e1l es la fecha de entrega del proyecto?<\/a><\/h3>\n<div>\n<p>Junio 2013<\/p>\n<\/div>\n<h3><a href=\"#\">2. \u00bfEl precio var\u00eda si se paga de contado por adelantado? <\/a><\/h3>\n<div>\n<p>La desarrolladora esta anuente a revisar los precios para cada caso espec\u00edfico.<\/p>\n<\/div>\n<h3><a href=\"#\">3. \u00bfCada espacio cuenta con su propio medidor de agua y de electricidad?<\/a><\/h3>\n<div>\n<p>Si, cada espacio es una finca filial independiente por lo tanto, tiene medidores asignados a cada uno.<\/p>\n<\/div>\n<h3><a href=\"#\">4. \u00bfCon que acabados se entregan los espacios?<\/a><\/h3>\n<div>\n<p>\u00a0Las oficinas se entregan con su fachada de vidrio aislante \u201clow E\u201d y el espacio interno en obra gris. Cada oficina cuenta con una prevista completa para un ba\u00f1o y\/o una cocina. Adem\u00e1s cuenta con la prevista del sistema contra incendios, cable de fibra \u00f3ptica para conexiones r\u00e1pidas a internet y dos prevista telef\u00f3nicas.<\/p>\n<\/div>\n<h3><a href=\"#\">5. \u00bfQu\u00e9 tipo de sistema de aire acondicionado son las previstas para los espacios?<\/a><\/h3>\n<div>\n<p>Cada espacio cuenta con una prevista el\u00e9ctrica y mec\u00e1nica para la instalaci\u00f3n de unidades de aire acondicionado independientes con el sistema de BVRB, que puede ser utilizado en Split o ductos.<\/p>\n<\/div>\n<\/div>\n<p><a class=\"contactenos\" href=\"?page_id=18\">Cont\u00e1ctenos<\/a><\/p>\n","protected":false},"excerpt":{"rendered":"<p>Preguntas Frecuentes 1 .\u00bfCu\u00e1l es la fecha de entrega del proyecto? Junio 2013 2. \u00bfEl precio var\u00eda si se paga de contado por adelantado? La desarrolladora esta anuente a revisar los precios para cada caso espec\u00edfico. 3. \u00bfCada espacio cuenta con su propio medidor de agua y de electricidad? Si, cada espacio es una finca [&hellip;]<\/p>\n","protected":false},"author":1,"featured_media":0,"parent":0,"menu_order":0,"comment_status":"open","ping_status":"open","template":"","meta":{"site-sidebar-layout":"default","site-content-layout":"","ast-site-content-layout":"default","site-content-style":"default","site-sidebar-style":"default","ast-global-header-display":"","ast-banner-title-visibility":"","ast-main-header-display":"","ast-hfb-above-header-display":"","ast-hfb-below-header-display":"","ast-hfb-mobile-header-display":"","site-post-title":"","ast-breadcrumbs-content":"","ast-featured-img":"","footer-sml-layout":"","ast-disable-related-posts":"","theme-transparent-header-meta":"","adv-header-id-meta":"","stick-header-meta":"","header-above-stick-meta":"","header-main-stick-meta":"","header-below-stick-meta":"","astra-migrate-meta-layouts":"default","ast-page-background-enabled":"default","ast-page-background-meta":{"desktop":{"background-color":"var(--ast-global-color-4)","background-image":"","background-repeat":"repeat","background-position":"center center","background-size":"auto","background-attachment":"scroll","background-type":"","background-media":"","overlay-type":"","overlay-color":"","overlay-opacity":"","overlay-gradient":""},"tablet":{"background-color":"","background-image":"","background-repeat":"repeat","background-position":"center center","background-size":"auto","background-attachment":"scroll","background-type":"","background-media":"","overlay-type":"","overlay-color":"","overlay-opacity":"","overlay-gradient":""},"mobile":{"background-color":"","background-image":"","background-repeat":"repeat","background-position":"center center","background-size":"auto","background-attachment":"scroll","background-type":"","background-media":"","overlay-type":"","overlay-color":"","overlay-opacity":"","overlay-gradient":""}},"ast-content-background-meta":{"desktop":{"background-color":"var(--ast-global-color-5)","background-image":"","background-repeat":"repeat","background-position":"center center","background-size":"auto","background-attachment":"scroll","background-type":"","background-media":"","overlay-type":"","overlay-color":"","overlay-opacity":"","overlay-gradient":""},"tablet":{"background-color":"var(--ast-global-color-5)","background-image":"","background-repeat":"repeat","background-position":"center center","background-size":"auto","background-attachment":"scroll","background-type":"","background-media":"","overlay-type":"","overlay-color":"","overlay-opacity":"","overlay-gradient":""},"mobile":{"background-color":"var(--ast-global-color-5)","background-image":"","background-repeat":"repeat","background-position":"center center","background-size":"auto","background-attachment":"scroll","background-type":"","background-media":"","overlay-type":"","overlay-color":"","overlay-opacity":"","overlay-gradient":""}},"footnotes":""},"class_list":["post-33","page","type-page","status-publish","hentry"],"_links":{"self":[{"href":"https:\/\/www.plazamurano.com\/index.php?rest_route=\/wp\/v2\/pages\/33","targetHints":{"allow":["GET"]}}],"collection":[{"href":"https:\/\/www.plazamurano.com\/index.php?rest_route=\/wp\/v2\/pages"}],"about":[{"href":"https:\/\/www.plazamurano.com\/index.php?rest_route=\/wp\/v2\/types\/page"}],"author":[{"embeddable":true,"href":"https:\/\/www.plazamurano.com\/index.php?rest_route=\/wp\/v2\/users\/1"}],"replies":[{"embeddable":true,"href":"https:\/\/www.plazamurano.com\/index.php?rest_route=%2Fwp%2Fv2%2Fcomments&post=33"}],"version-history":[{"count":9,"href":"https:\/\/www.plazamurano.com\/index.php?rest_route=\/wp\/v2\/pages\/33\/revisions"}],"predecessor-version":[{"id":37,"href":"https:\/\/www.plazamurano.com\/index.php?rest_route=\/wp\/v2\/pages\/33\/revisions\/37"}],"wp:attachment":[{"href":"https:\/\/www.plazamurano.com\/index.php?rest_route=%2Fwp%2Fv2%2Fmedia&parent=33"}],"curies":[{"name":"wp","href":"https:\/\/api.w.org\/{rel}","templated":true}]}}